(v) = -v**2 - 18*v - 8. Let b be w(-17). Suppose -2*p + 5*p - b = 0. Is 5 a factor of p/(46/(-26) + 2)?
False
Does 31 divide 240/(-64) + (-1)/4 - -314?
True
Suppose 5*x + 3*d - 249 = 4*x, -523 = -2*x - d. Is x even?
True
Let l(n) be the third derivative of -5*n**4/8 - 2*n**3 + n**2. Is l(-5) a multiple of 13?
False
Is (0 + (0 - -148))/2 a multiple of 7?
False
Let o be (-4)/14 - (-6)/21. Let c(z) be the third derivative of z**6/120 - z**5/60 + z**4/24 + 10*z**3/3 + 34*z**2. Is c(o) a multiple of 5?
True
Let t(r) be the third derivative of 41*r**6/120 - r**5/60 + r**4/8 - r**3/6 - 5*r**2. Let p be t(1). Let s = p - 0. Does 14 divide s?
True
Suppose -19*u + 11276 = -1074. Is 13 a factor of u?
True
Suppose -4*b - 99 = 3*c, 4*b + 3*c + 123 = 8*c. Let y = b + 31. Suppose y*k - q + 5*q = 220, -k - 2*q + 51 = 0. Does 10 divide k?
False
Suppose -36*c + 41*c = 990. Is c even?
True
Suppose -38*s - 191 = -39*s. Suppose -11 = 3*t - s. Is t a multiple of 3?
True
Is (-18)/12*((-651)/9 - -1) a multiple of 4?
False
Suppose 6*f - 81 - 75 = 0. Does 2 divide f?
True
Let a(n) = 2*n**2 - 9*n - 2. Let c(p) = 5*p**2 - 27*p - 7. Let y(l) = -8*a(l) + 3*c(l). Let v be y(-8). Is 6 a factor of v*(17 + 1)/3?
True
Does 4 divide (-3 - -7) + (20 - -41)?
False
Suppose 35*c = 14658 + 16492. Is 10 a factor of c?
True
Let l(d) = -5*d**3 + 24*d**2 + 99*d. Does 150 divide l(-6)?
True
Suppose 0 = -p - g + 10, p - 3*g + 0 = -6. Suppose -p*l = -2*l - 16. Suppose l*r = 53 + 19. Does 11 divide r?
False
Let f(j) = -j + 3. Let u be f(1). Suppose -4*g + 3*c = -87, -8*g + 3*g + 100 = -u*c. Is g a multiple of 4?
False
Let z(f) = 3*f**3 + 2*f**2 - 5*f - 4. Let b(q) = q**3 + q**2 - q - 1. Let j(l) = -4*b(l) + z(l). Let m = -70 + 67. Is j(m) a multiple of 3?
True
Suppose -3*y - z = 7 + 6, 2*z = -2. Does 17 divide 2/(y + 684/170)?
True
Let t = 112 + -180. Let a = -3 - t. Is 7 a factor of a?
False
Let m = 794 + -1241. Suppose a = 5*a + 60. Does 15 divide m/a - 1/(-5)?
True
Let d(a) = -6*a**2 + a. Let z be d(1). Let g be (-3)/z - 168/(-20). Suppose -g*o = -3*o - 150. Is o a multiple of 8?
False
Suppose 10*a - 36279 - 7311 = 0. Is 130 a factor of a?
False
Let j be (-3492)/27 - (-2)/6. Let n = -73 - j. Is n a multiple of 12?
False
Let k(s) = 31*s**2 + 2*s - 1. Suppose -u + 4 = 0, 2*i + 3*u - 13 = 1. Is k(i) a multiple of 8?
True
Suppose r = -3*h - 2*h + 350, -2*h = 0. Is r a multiple of 7?
True
Suppose 5*y = 4*r - 1695, 17*r + 2*y + 1273 = 20*r. Does 7 divide r?
False
Let y = -254 - -330. Is 7 a factor of y?
False
Let r(g) = 4*g**2 - 3*g - 1. Let h be r(4). Is 9 a factor of (h - -3)*(3 - (-14)/(-6))?
True
Let a = 2656 - 1417. Is a a multiple of 3?
True
Let i(w) be the first derivative of w**3/3 - 5*w**2/2 - 28*w - 5. Does 5 divide i(14)?
False
Suppose 0 = -284*i + 273*i + 5489. Is i a multiple of 5?
False
Suppose 2*y = 4*y + 6. Let b(t) = -7*t + 2. Is b(y) a multiple of 4?
False
Suppose 725 = -3*n - 1222. Let z be (-1)/(-5) - n/55. Suppose -q + z = -0*q. Is q a multiple of 3?
True
Is (2178/(-132))/((-2)/56) a multiple of 6?
True
Let u(o) be the second derivative of 0 + 1/2*o**3 + 0*o**2 + 2*o. Does 3 divide u(2)?
True
Let t(f) = -14*f + 11*f - 10*f + 17*f**2 - f**3. Is 12 a factor of t(16)?
True
Let r(f) = 14*f**2 + 3*f - 5. Let n be r(-5). Suppose 5*c = -p + n - 80, 2*c - 92 = -2*p. Does 17 divide c?
True
Let z(c) be the first derivative of -c**4/4 - 11*c**3/3 - 3*c**2/2 + 3*c + 8. Let b(f) = -11*f**2. Let q be b(1). Is z(q) a multiple of 9?
True
Suppose 130*l - 129*l + 30 = 0. Is (10/l)/(2/(-342)) a multiple of 19?
True
Let j = 109 - 70. Let w = 55 - j. Does 3 divide w?
False
Let u(k) = -k**3 + 11*k**2 + 7*k + 7. Let y be u(11). Suppose g - 5*g + y = 0. Suppose -5*q + g = -134. Does 15 divide q?
False
Suppose 2*m = -x + 1, 3*m - 4*m + 2 = 2*x. Suppose 0 = 2*j - f - 365, -4*f + 3 + 9 = m. Is 43 a factor of j?
False
Let p(k) = -k**2 - 13*k + 4. Let a be p(-28). Is a/(-9) + 12/(-54) a multiple of 20?
False
Let j(y) = -y**2 + 28*y + 36. Suppose p + 135 = 6*p. Is 21 a factor of j(p)?
True
Suppose -c + 275 + 226 = 0. Is 8 a factor of c?
False
Let s(d) = -d**2 + 13*d - 7. Let l be s(11). Let q(z) = -z**3 - 8*z**2 + 7*z - 4. Let t be q(-7). Is 8 a factor of (t/(-15))/(3/l)?
False
Let o(d) = 24*d + 1. Let r be o(-4). Let z be ((-4)/5)/((-2)/r). Is 19 a factor of 2/((-4)/(z*2))?
True
Is 88 a factor of (13 - -64)*(-66)/(-2)?
False
Suppose 13*h - 58*h = -73800. Is 21 a factor of h?
False
Let a be 6/(-8) + 2044/16. Let y = -65 + a. Is 19 a factor of y?
False
Let r = 159 + 10. Suppose 2*c = -2*q + 3*q + 68, 5*c - 2*q = r. Is c a multiple of 6?
False
Let z = -14 + 17. Let w = -5 + z. Does 14 divide (9/12)/(w/(-112))?
True
Does 3 divide 365/1 + 20 + -15?
False
Let k = -1540 - -2089. Is k a multiple of 7?
False
Suppose -7*f - 105915 = -30*f. Is 16 a factor of f?
False
Let f(h) = 5*h + 7 - 8 + 5 + 3*h**2. Let z(p) = p**2 + 6*p - 10. Let w be z(-7). Does 9 divide f(w)?
False
Suppose -2*j = -2*i - 36 - 68, -4*j + 2*i = -200. Is 24 a factor of j?
True
Let x(m) = 260*m + 180. Is 8 a factor of x(3)?
True
Let g(v) = -v**3 - 22*v**2 + 11*v - 9. Is g(-24) a multiple of 13?
False
Does 23 divide -3 - 187/(-33)*33?
True
Does 69 divide (974 - (-9)/(-1)) + 1?
True
Suppose -75*i + 6164 + 11086 = 0. Does 46 divide i?
True
Let l(h) = -4*h + 4. Let i be l(12). Let a be (-228)/i - (-2)/(-11). Let o(s) = -s**3 + 6*s**2 + s + 7. Is o(a) a multiple of 11?
False
Let v(c) = c**3 + 8*c**2 + 4*c + 7. Suppose 3*g - 4*x + 2 = 5*g, x + 17 = -3*g. Let k be v(g). Let s = k + -15. Is s a multiple of 13?
True
Let n(c) be the third derivative of c**6/120 - 3*c**5/20 + c**4/8 - c**3 - c**2. Let y = 57 - 48. Is 7 a factor of n(y)?
True
Suppose 0 = -3*y + 4*y - 158. Suppose 0 = -4*v - 4*g + 104, v + y = 6*v - 2*g. Suppose 5*b - v = -0. Is b a multiple of 6?
True
Let g be 1*283 + (-6 - -4). Suppose 2*i - 2*q - 316 = -i, -g = -3*i - 5*q. Is i a multiple of 26?
False
Suppose -2*m = 5*f - 271, 5*m - 2*f - 724 = f. Is 13 a factor of m?
True
Let d = 226 + -367. Let j = d - -168. Is 9 a factor of j?
True
Let y(i) = i**3 - 4*i**2 + 8*i - 6. Suppose 5*v - 17 = 4*f, -2*f + 9 = 3*v - 2*v. Suppose 5*d - 10 = f*h + 7, 24 = 4*d + h. Is 12 a factor of y(d)?
False
Let k(l) = l**2 - 3*l**2 + l**2 + 8*l - 7. Let b be k(7). Does 18 divide 3/(-3) + b - -55?
True
Let x(s) = s**3 + 9*s**2 + 8*s + 7. Let k = 15 + -23. Let l be x(k). Let h(t) = 4*t - 16. Does 6 divide h(l)?
True
Suppose 0 = 6*i + 3 - 51. Let j be (38 - i)*(-12)/(-10). Suppose 4*x - 157 = -c, 2*c + j = x - c. Is x a multiple of 13?
True
Suppose -43 = u - 13. Let r be 6/(-10)*u/9. Suppose -x + 51 = -p, r*x - 5*p - 108 = -0*p. Is 7 a factor of x?
True
Let f = -2 + -4. Does 20 divide ((-808)/f)/((-18)/(-27))?
False
Let q be -8 + 5 + (-20)/(-1). Let n(b) = -6*b**2 + 2*b + q + 40*b**3 - 7 - 41*b**3. Does 19 divide n(-7)?
False
Let y = -4 - -6. Suppose v + y*v = 216. Is v a multiple of 7?
False
Let b(r) = r**3 + 10*r**2 - 12*r + 1. Let w = 76 + -175. Let g be w/(-6)*4/(-6). Does 12 divide b(g)?
True
Suppose 0 = 3*s + 3*u - 0*u + 330, 4*s - u + 420 = 0. Let f = -57 - s. Is f a multiple of 17?
False
Let y be (-7)/((-56)/66) - (-6)/8. Suppose 2241 = y*l + 378. Is 23 a factor of l?
True
Let a(o) = 19*o**2 + 2*o - 1. Suppose -2 + 8 = g - 5*w, -4*g + 5 = -w. Let x be a(g). Let k = x - 2. Is 10 a factor of k?
False
Let m(x) = 134*x - 74. Is m(11) a multiple of 14?
True
Let h(i) = i**2 + 4*i - 2. Let m be h(-5). Suppose -m*b + 8 - 2 = 0. Suppose 4*v + 153 = 5*c - 232, b*v = 0. Is c a multiple of 13?
False
Suppose 3*j + 42 = 6. Let q = -16 - j. Does 12 divide (-5 - 43)*3/q?
True
Let l = -984 + 1988. Does 44 divide l?
False
Let f(t) = 732*t**2 - 10*t - 11. Is 58 a factor of f(-1)?
False
Suppose -2*n - 2 = 0, 0 = 4*d + 3*n + 2*n - 15. Suppose -4*m - k + 4 = -d*k, 4*k = 2*m - 6. Let s(i) = -10*i + 2. Is 5 a factor of s(m)?
False
Let y(n) = -2*n - 1. Let j be y(1). Does 24 divide 19/(-57) - 112/j?
False
Let x(l) = 0 - 3 - 4 + 5*l - 3*l. Let u be x(5). Suppose 5*q = 3*i - 2*i - 4, 0 = u*q. Does 2 divide i?
True
Suppose -30 = y + p, -3*y - y - 110 = -p. Let f = 82 + y. Is f a multiple of 18?
True
Suppose 4*u - 4*d - 280 = 0, -4*u - d = -6*d - 284. Is u a multiple of 5?
False
Let b = -63 - -65. Let j = 106 + -44. Suppose -2*